- 14*k**2 + 15*k + 3. Let j(p) = -p**3 - p**2 + p. Let t(w) = -4*j(w) + x(w). List the prime factors of t(h).
3
Suppose 3*f - 4*m + 44 = 0, -f - 2*m = -4*m + 16. Let w = 1 - f. List the prime factors of w.
13
Suppose k = w - 21, w + 3*k - 57 = -w. Suppose 4 + 11 = 3*m, 2*m = y - 4. Let x = w - y. What are the prime factors of x?
2, 5
Suppose -36 = 5*w + 379. Let f = 6 - w. Suppose 5*u = -24 + f. List the prime factors of u.
13
Suppose -7*m = 211 - 981. What are the prime factors of m?
2, 5, 11
Let g = -9 - -16. Suppose 2*z + 4 = 3*z. Suppose -z*l + g = 5*w - 7, -10 = 5*w. What are the prime factors of l?
2, 3
Let c be (-185)/(-10) + (-1)/2. Let f = 33 - c. List the prime factors of f.
3, 5
Let m(r) = 2*r**3 + 3*r**2 - 3*r + 2. Let c = 16 - 14. What are the prime factors of m(c)?
2, 3
Let m = 87 - 47. Suppose 5*r - r = m. List the prime factors of r.
2, 5
Suppose 0*l - 116 = -2*l. What are the prime factors of l?
2, 29
Suppose 42 = 2*x + x. Let m be 192/x + 10/35. Suppose 0 = 4*p - 26 - m. What are the prime factors of p?
2, 5
Let m(h) = 2*h - 7. Let g be m(5). Suppose -2*r - g = 3*w + 22, -2*r - 2*w - 28 = 0. Let z = -11 - r. List the prime factors of z.
2, 3
Suppose q + 174 - 234 = 0. What are the prime factors of q?
2, 3, 5
Let b = -11 - -88. What are the prime factors of b?
7, 11
Suppose -3*o = -5*o + 160. List the prime factors of o.
2, 5
Let y = -10 + 14. Suppose y = -5*z + 24. List the prime factors of z.
2
Suppose -11*j = -15*j + 548. What are the prime factors of j?
137
Let z(p) = p**2 + p + 49. List the prime factors of z(0).
7
Let y = 127 - 88. Suppose g - 15 - y = 0. List the prime factors of ((-6)/18)/((-2)/g).
3
Suppose -5*k - 45 = 5*z, -2*z - 2 = -4*k - 14. Let q(a) be the second derivative of -a**3/3 - 7*a**2/2 + 2*a. List the prime factors of q(k).
3
Let v(t) = 5*t**3 + t - 1. Let x be v(1). Suppose -x*q = 21 - 6. Let j = 14 + q. What are the prime factors of j?
11
What are the prime factors of (-10)/55 + (-145)/(-11)?
13
Suppose -2*r = 5*i + 16, -3*i - 5*r - 13 = -4*i. Let h be i/3 - 6/(-9). Suppose -9 = -m - h*m. What are the prime factors of m?
3
Suppose -5*c + 75 = -35. What are the prime factors of c?
2, 11
Suppose 6*z = 11*z - 220. List the prime factors of z.
2, 11
Let b = -23 - -34. What are the prime factors of b?
11
Let p(l) = 4*l**2 - 4*l + 2. Let h be p(2). Suppose -3*a + h = -2. What are the prime factors of a?
2
Let h(j) = 2*j - 8. Let r be h(9). Let t(n) = n**2 - 7*n - 2. List the prime factors of t(r).
2, 7
Suppose l = -w + 4, w + 9 = 3*l - 3. Suppose 0 = -w*j - j + 56. Suppose 0*t + t + 52 = 3*m, 3*m + t - j = 0. List the prime factors of m.
2, 3
Suppose -5*t - 9 = -224. List the prime factors of t.
43
Suppose 1 - 7 = -p + 2*s, 5*p = -5*s. Suppose -p*u + 3 = -u. List the prime factors of u.
3
Suppose 0*x - 4*x + 4*l - 12 = 0, 0 = -3*x + 5*l - 11. Let j = x - -4. Let w(n) = n**2 + n - 2. What are the prime factors of w(j)?
2
Suppose -3*x = -4*x. Suppose -8 = -4*f - 4*z, 3*z - 3 = -x*z. What are the prime factors of (2/(-2) - f)*-1?
2
Let u(g) = 7*g**2 - 18*g + 64. List the prime factors of u(6).
2, 13
Let v(f) = 18*f**3 + 2*f**2 - 2*f + 1. Let y be (-1 + 0)*5/(-5). Let t be v(y). Suppose -4*p + t = -33. What are the prime factors of p?
13
Suppose 0 = 2*z + 2*z - 132. List the prime factors of z.
3, 11
Suppose 0*v = -3*v + 21. Let d = v + 10. What are the prime factors of d?
17
Suppose -v = 4*t - 5, -v - 2 = -2*t - 1. List the prime factors of (52/4)/(v - 0).
13
Suppose 5*x - 14 - 6 = 0. Suppose -4*m - x*v = -52, 0*m - 3*m = -2*v - 59. List the prime factors of m.
17
Let z = -4 + -3. Let t = z - -33. What are the prime factors of t?
2, 13
Let t(j) = 3*j**2 - 3*j - 2. Let v be t(3). Let r = v - 9. What are the prime factors of r?
7
Let l(v) = -2*v - 11. Let o = -15 - -6. What are the prime factors of l(o)?
7
Let w = 26 + -4. List the prime factors of w.
2, 11
Suppose -3*a + 8*a = 30. Let i = -3 + a. Suppose -2*w - 5*z - 15 = -w, -4*w + i*z + 55 = 0. What are the prime factors of w?
2, 5
Suppose -2*c - 3*c - 30 = 0. Let v(m) = m**2 + 3*m - 8. What are the prime factors of v(c)?
2, 5
Let y(v) = v**2 - 3*v - 7. Let u be y(5). Suppose -5*m - q = -98, -3*m = -0*m - u*q - 66. Suppose s + 4*s - m = 0. What are the prime factors of s?
2
Suppose -144 = -6*q + 3*q. List the prime factors of q.
2, 3
Suppose 9 = -5*k - 1. List the prime factors of (-51)/k + 10/20.
2, 13
Suppose 0 = 3*h + 4*k - 213, 4*h + 2*k = 189 + 85. Suppose 2*i = 5*s + h, s + 26 = i - 3*s. Suppose -i = r - 3*r. What are the prime factors of r?
23
Suppose 0 = -4*m + 3*y + 16 + 9, -4*y + 4 = 0. Suppose 4*v + m - 59 = 0. What are the prime factors of v?
13
Let g(h) = 4*h**2 + 10*h - 13. What are the prime factors of g(5)?
137
Let f(k) = 2*k**2 + 8*k + 3. List the prime factors of f(4).
67
Let y = 218 + -136. List the prime factors of y.
2, 41
Let o(r) = 4*r**2 - r. Let j be o(-1). Suppose -29 = -f - 4*y + 64, 20 = j*y. Suppose -23 + f = 3*s. List the prime factors of s.
2, 3
Let q(n) = -n**2 - 6*n + 5. Let l be q(-6). Suppose s = -s + l*v + 37, 5*s = 3*v + 102. List the prime factors of s.
3, 7
Let b = -10 - -18. Suppose -b = 3*p - 26. What are the prime factors of (-14)/(-2) - p/(-3)?
3
Let n = 22 - -104. What are the prime factors of n?
2, 3, 7
Let h = -149 - -242. What are the prime factors of h?
3, 31
Suppose -3*p + 38 = 4*m - 96, 2*m = 5*p + 80. Suppose g = -4 + m. Let i = g - 19. List the prime factors of i.
2, 3
Let t be (-186)/(-4) + 18/12. Let u = 4 - -4. Suppose 0 = -4*h + u*h - t. What are the prime factors of h?
2, 3
Let u be (1/(-2))/((-12)/48). What are the prime factors of 50 + (-3)/(u - 1)?
47
Let n(l) = l**3 - 5*l**2 + 4*l - 8. Let w be n(6). Let p be w*1 + -3 + 1. Suppose -q + 2*i = q - 10, -4*i + p = 3*q. List the prime factors of q.
2, 5
Suppose -4*m + 31 + 38 = f, 4*m - 118 = -2*f. Suppose -136 = -4*p + 2*w, 2*p + w = 11 + f. What are the prime factors of p?
2
Suppose w - 3*w = 6. Let q(k) = 2*k**2 + 4*k + 1. What are the prime factors of q(w)?
7
Let r = 6 - 1. Suppose -3*g - 11 + 2 = -r*d, 3*g + 3*d - 15 = 0. What are the prime factors of g?
2
Let p(f) = -2*f**2 + 45*f - 41. What are the prime factors of p(18)?
11
Let r(f) = -28*f + 7. Let l be r(3). Let o = l + 118. List the prime factors of o.
41
Let b(w) = -w**2 - 9*w + 10. Let j = -18 + 9. What are the prime factors of b(j)?
2, 5
Suppose 5*y = -4*x + 66, 59 = 7*y - 3*y - 3*x. What are the prime factors of y?
2, 7
Let i be (-46)/(-8) - (-7)/28. What are the prime factors of ((-34)/(-8))/(i/24)?
17
Let z = 1 - -19. Suppose -3*r - 4 - z = 0. Let h = r - -23. What are the prime factors of h?
3, 5
Suppose 5*s - 2*s = 5*i + 16, 0 = s - 2*i - 6. List the prime factors of (s - 0) + (-12)/(-3).
2, 3
Let v(p) = -p**3 + p + 17. Suppose 5*m - 4*m = 0. List the prime factors of v(m).
17
Let v(w) = -4*w**2 - 3*w. Let n(y) = -5*y**2 - 2*y. Let h(p) = -3*n(p) + 4*v(p). Let t be h(-6). Suppose -4*j - 1 + 9 = t. List the prime factors of j.
2
Suppose -3*n = -q - q - 43, -3*n + q = -38. What are the prime factors of n?
11
Let t(l) = l + 8. List the prime factors of t(8).
2
Suppose i + 5*o - 430 = -4*i, -2*i + 168 = 3*o. Suppose -3*k = -6*k + i. What are the prime factors of k?
2, 3, 5
Suppose w - 1 = 3. Let g = w + 1. What are the prime factors of g?
5
Suppose 0 = -3*u + 9, -4*k + k - 3 = -4*u. Suppose -k*w + 2*n + 14 = 0, -4*n - 8 = 8. List the prime factors of w.
2
Let k(m) = -m**2 + 14*m + 9. Let c be k(14). Suppose -2*f + 4*z - 2*z = -62, -3*z - c = 0. List the prime factors of f.
2, 7
Suppose -2*j = -3*j + 4. Let d(l) = 11*l - 1. Let n be d(j). Suppose h + s = 11, 6*h - n = h - s. What are the prime factors of h?
2
Let q(s) = -s**3 - 17*s**2 - 18*s + 5. List the prime factors of q(-16).
37
Let f(r) = r**3 - 6*r**2 + 6*r - 2. What are the prime factors of f(7)?
89
Let l(m) = m**2 + 1. Let p(j) = -j**2 + 3*j - 3. Let c(o) = 2*l(o) + p(o). Let u be c(-4). Let h = u - -4. List the prime factors of h.
7
Suppose -2*q - w + 107 = 0, q = 4*w + 7 + 24. What are the prime factors of q?
3, 17
Suppose 0*h + 2*h = -4. Let s be -1 + 8 + -3 + 2. Let m = h + s. What are the prime factors of m?
2
Suppose 0*q - 4*q + 32 = 0. Suppose -29 + q = -3*d. What are the prime factors of d?
7
Let f = 1 - -1. Suppose -f